8 - t. Calculate d(z).
-1
Let i(l) = l**2 - 6*l + 9. Let m be 1/(-2 + 74/38). Let o = m + 25. What is i(o)?
9
Let i be (1/1 - -1)/2. Let v(j) be the first derivative of -5 + 4*j**2 - 2 - 6*j**2. Determine v(i).
-4
Let h(l) = 2*l + 4. Let d be (-14 - -2)*2/(-6). Suppose -m = d*m - 10. Suppose m*i + 5 = i. What is h(i)?
-6
Let u(j) = j**3 - 5*j**2 + 3*j + 9. Let l be u(4). Let k(w) = -w - 3. What is k(l)?
-8
Let a(d) = d**2 + 5*d + 3. Suppose -z - 5 = -2*z. Let l(p) = -p**2 - 6*p - 3. Let c(g) = z*l(g) + 6*a(g). What is c(0)?
3
Suppose 0*g = 2*i - 3*g - 12, 5*i + 2*g = 30. Let v(s) = -s**2 + 6*s - 6. Give v(i).
-6
Let d(i) be the first derivative of -i**2 - 6*i - 5. What is d(-5)?
4
Let v(k) be the third derivative of k**5/60 - k**4/24 - k**3/6 + 12*k**2. Let p be 0*(-2)/4 - 2. Give v(p).
5
Let w(b) = -5 + 4*b + 2 - 2. Let a(h) = -6*h - 2. Let t be a(-1). Let v be 0 + t*(1 - 0). What is w(v)?
11
Let i be ((-2)/(-1) - 4)*-2. Let h(m) = m**2 - 4*m + 2. Determine h(i).
2
Suppose 3*l + 0 - 2 = -2*s, 2*s - 18 = 5*l. Let m(i) be the first derivative of -2*i**2 + 6*i - 2. Determine m(s).
-10
Let k(t) = t**3 - 4*t**2 - t - 5. Let h be (-5)/(-15) + (-17)/(-3). Suppose h*d = d + 20. Determine k(d).
-9
Suppose -2*j + 4*b - 1 + 3 = 0, b - 4 = 2*j. Let g(x) = x**3 + 3*x**2 - 3*x - 4. Determine g(j).
5
Let a(h) = h**3 + 6*h**2 - 4*h - 5. Let p be -2 - 1 - (0 - -3). Give a(p).
19
Let y be 2 + 3/((-3)/(-2)). Let p(u) be the second derivative of -u**5/20 + u**4/3 - u**3/2 + u**2/2 - 18*u. Determine p(y).
-11
Let h = -26 + 25. Let y(w) = w**3 - w**2 + w + 1. Let z(o) = 2*o**3 + 2*o**2 - 1. Let s(k) = h*z(k) + 3*y(k). Determine s(4).
0
Let b(k) be the first derivative of -k**3/3 + 5*k**2/2 + 4*k + 3. Determine b(6).
-2
Let n(j) be the first derivative of -j**4/4 + j**3 - j**2/2 - 2*j + 2. Let v = -5 + 7. Calculate n(v).
0
Suppose 9*o - 16 - 65 = 0. Let z(k) = k**2 - 10*k - 2. Calculate z(o).
-11
Let h(a) be the second derivative of -a**4/12 - a**3/6 - a**2 - a. Let r be h(0). Let b(y) = 3*y - 2. Determine b(r).
-8
Let k = -10 + 7. Let b(m) = -3*m**3 - 2*m**2 + 5*m - 2. Let f(q) = 13*q**3 + 8*q**2 - 21*q + 7. Let z(u) = 9*b(u) + 2*f(u). Calculate z(k).
-4
Let u(p) = -3*p**2 + 4. Let k(j) = -4*j**2 + j + 4. Let l(f) = -4*k(f) + 5*u(f). What is l(4)?
4
Let r(w) = -w**3 - 5*w**2 - 3*w - 1. Suppose 3*j + 5*x = 8, -3*x + 16 = j + 2*x. Give r(j).
-5
Let j(s) = 3*s**2 + 10*s + 21. Let h(m) = -7 - 2*m**2 - m**2 + 2*m**2 - 3*m. Let b(z) = -7*h(z) - 2*j(z). Give b(0).
7
Let v = -89 - -77. Let c(r) = -r**3 - 13*r**2 - 13*r - 16. What is c(v)?
-4
Let n be 0 + 5 + (3 + -3)/4. Let g(z) be the first derivative of -2 + n*z - 3/2*z**2. Calculate g(4).
-7
Let u(d) = d**2 - 5*d + 5. Suppose -3*k + 3 + 3 = 0. Let t be 1 - -1 - (0 - k). Give u(t).
1
Let r(v) = -2*v + 11. Let q(l) = -1. Let c(i) = -2*q(i) - r(i). Calculate c(6).
3
Let r(j) be the second derivative of j**3/2 - j**2 - 17*j - 2. Determine r(-3).
-11
Let j = -8 - -11. Suppose 0*g + 3*g - s = 17, 19 = 4*g - 5*s. Let t(k) = j + k**2 + g*k - 2*k + k. What is t(-3)?
-3
Let d(j) be the third derivative of -j**8/3360 + j**7/630 - j**6/240 + j**5/60 + j**4/4 + 4*j**2. Let v(o) be the second derivative of d(o). Calculate v(2).
-4
Let z(s) = -s**2 + s - 1. Let y(u) be the third derivative of u**5/60 + u**4/8 + 5*u**3/6 + 7*u**2. Let m(g) = y(g) + 2*z(g). What is m(6)?
-3
Let l(r) be the third derivative of r**5/60 - r**4/3 + r**3 + 6*r**2 - 4*r. Calculate l(5).
-9
Let v(m) be the second derivative of 4*m**3/3 - m**2/2 + 3*m. Determine v(-1).
-9
Let l(s) be the second derivative of s**3/3 + s**2/2 - 2*s. What is l(2)?
5
Let y(b) = 11*b**2 - 4*b. Let l(d) = -d**2 - d. Let o(h) = 3*l(h) - y(h). What is o(1)?
-13
Let v(a) = a**3 + 4*a**2 - 6*a + 5. Suppose -2*l = -3*l + 3. Let w = 2 + 4. Let r be (l - 0)*(-10)/w. Give v(r).
10
Let v(w) be the second derivative of -w**5/20 - w**4/3 - 2*w**3/3 - 3*w**2/2 - 3*w. Determine v(-2).
-3
Let y(t) = 2*t**2 + t - 1. Suppose 2*n + 3*n - 30 = 0. Let b(d) be the second derivative of d**4/12 - d**3 + d**2 + 4*d. Let x be b(n). What is y(x)?
9
Let f(s) = -s + 1. Let x(w) = 10*w - 8. Let b(m) = 6*f(m) + x(m). Suppose 8*h - 10 = 3*h. Calculate b(h).
6
Let g(b) be the first derivative of 7*b**3/3 + b**2/2 + 6. What is g(1)?
8
Let r = -9 + 1. Let w be 63/12 + (-6)/r. Let z(s) = -5*s**2 - 11*s - 9. Let u(m) = -m**2 - m - 1. Let h(n) = w*u(n) - z(n). Determine h(5).
3
Let z(a) be the third derivative of -1/24*a**4 + 0 + 1/6*a**3 - 2*a**2 + 0*a. Calculate z(4).
-3
Suppose 3*v + x + 13 = 0, -v - 3*x = -6*v - 3. Suppose -3*s = s - 8. Let y(h) = h**s + h - 4 - h**3 - 3*h**2 + 0*h**2. Determine y(v).
2
Let k(v) = -v - 6. Let j be k(-8). Let f(q) = -5 + 3*q**j - q**2 + 3*q + 3*q**2 + q**3. What is f(-4)?
-1
Let v = 11 - 14. Let g(q) be the third derivative of -q**6/120 - q**5/15 - 5*q**4/24 - q**3/3 + q**2. Give g(v).
4
Let k(b) = -10*b**3 - 3*b**2 + 9*b - 4. Let m(a) = 3*a**3 + a**2 - 3*a + 1. Let z(o) = 2*k(o) + 7*m(o). Let c be (15/10)/((-6)/8). Give z(c).
1
Suppose 5*c - 6*c = 6. Let f(m) = m**2 + 7*m - 5. Calculate f(c).
-11
Suppose -2*a + 8 = -2. Let c(n) = n + 1. Determine c(a).
6
Let c = 3 + -1. Suppose q - 3*o - 21 = -3*q, -c*q = -4*o - 18. Let z(a) = 3 + 3*a - 5 + 1 - a**2. Calculate z(q).
-1
Let i(r) = -r**2 - 2*r. Let n be (-15)/(-6)*6/(-5). Let o be ((-10)/15)/((-2)/n). Give i(o).
1
Let c(r) = 3*r - 1. Let m = 19 + -18. Determine c(m).
2
Let c(h) = -3*h - 3. Let a be c(-3). Suppose -5*x = a - 1. Let j(q) = -q + q + 3*q + 1. Determine j(x).
-2
Let u = -10 + 7. Let n(o) = 48*o - 2 + 49*o - 95*o. Give n(u).
-8
Suppose -2*c + b = 3, -4*c = -9*c + 4*b. Let s be c/(-2)*1 - 9. Let k be 26/s + 10/(-35). Let m(q) = -q**2 - 4*q + 1. Determine m(k).
1
Let a(r) = 3*r - 1 - 1 - 4*r + 1. Let t be 1/(2 - 9/6). Suppose 5*b + t = -28. What is a(b)?
5
Let u = -3 + 8. Suppose -21 = j - u*y, 2*j + y - 13 = -0*y. Let l = j + 0. Let o(t) = 2*t - 2. What is o(l)?
6
Let l(o) = o**3 - 6*o**2 - 6*o - 6. Suppose -7 = -n - 0. Let d be l(n). Let m(w) = 7*w**3 - w + 1. Give m(d).
7
Let h(l) = -2*l + 3. Let i be 2/(-8) - 5/(-20). Suppose i*n - 2 = -2*n. Let o be (-31)/(-6) + n/(-6). Give h(o).
-7
Let c(y) = -5 - 9*y + 10*y - 2 - 3*y. Calculate c(-7).
7
Let o(m) = -m - 6. Suppose 3 - 1 = f. Let b be (3/(-6)*0)/f. Give o(b).
-6
Let y(s) = -2*s + 1. Let r be y(-2). Let f(d) be the first derivative of -d**2/2 - 3*d - 3. What is f(r)?
-8
Let w be (0 + 0)/(4/2). Let o = w - -3. Let n(q) = 4*q**2 - 4*q - q + q**o - 1 - q**2. Determine n(-4).
3
Let v be ((-50)/(-5))/(-2) - -1. Let r(i) = i**2 + 4*i + 5. Give r(v).
5
Suppose -2 + 6 = 2*i. Let p(n) = 2 - n**i - n - 3*n + n. Determine p(-4).
-2
Let m(r) = 5*r**2 + 5*r + 14 + 6*r**3 - 12 - 5*r**3. What is m(-3)?
5
Suppose -9 = -3*n + 3*m - 0*m, -4*m = n + 2. Suppose -y + 5*i = -22, 2 = -5*y + n*y - 2*i. Suppose -y*a - 2 = -4. Let h(t) = -4*t**2 + t - 1. Calculate h(a).
-4
Let n(m) = -17*m**2 + 7*m + 2. Let s = -18 + 39. Suppose 0 = c + 2*c - s. Let f(k) = 26*k**2 - 10*k - 3. Let o(a) = c*n(a) + 5*f(a). Give o(-1).
11
Let i(y) = -y - 3. Let a = -5 + 7. Let w be 0/(1 - (-2 - -5)). Suppose -3*l - 15 = w, a*g - l - 5 = 5*g. What is i(g)?
-3
Let n(c) = -c**2 + 7*c**2 - 26*c**2 - c - 8*c**2. Calculate n(1).
-29
Let s(k) = 16 - 3*k - 34 + 11. What is s(-5)?
8
Let o(m) be the first derivative of m**4/4 + 2*m**3 + 5*m**2/2 + 2*m - 2. Give o(-4).
14
Let n(a) = -a**3 - 2*a**2 - 2. Let o = 29 - 32. Give n(o).
7
Let f(p) = -3*p**2 - 20*p - 14. Let x(s) = 2*s**2 + 13*s + 9. Let i(v) = -5*f(v) - 8*x(v). Let z(g) be the first derivative of i(g). Calculate z(-4).
4
Let u(t) = t**2 + 5*t - 2. Let o be (3/(-9))/((-3)/(-45)). Calculate u(o).
-2
Suppose 2*i + 0*i - 12 = 2*u, -3*i + 5*u = -20. Let b(h) = 2*h - 5 + 3 - i. What is b(6)?
5
Suppose 18 = 2*j - 4. Suppose -2*l + j = -1. Let w(b) = b**3 - 6*b**2 - b + 1. What is w(l)?
-5
Suppose -5*g = 4*u - 26, 14 = u + 3*g + 2*g. Let n = u - 6. Let x(p) be the first derivative of p**4/4 + p**3/3 - p**2/2 - 1. What is x(n)?
-2
Let v(q) = q**3 + 5*q**2 - 4. Suppose 0 = y + 3*y - 4. Let k = 4 - y. Let a be k/9 - 16/3. Give v(a).
-4
Let n(b) = b**3 - 2*b**2 - 2*b + 3. Let g(r) = r**2 - 2*r. Let z be g(3). Determine n(z).
6
Let f be (-81)/9*(-4)/(-6). Let r(y) = -y**2 -